= -5*o + 4*d + 20 + 64, 0 = -5*o - 4*d + 76. Let n = 31 - o. Calculate the remainder when (86/8)/((-1)/(-4)) is divided by n.
13
Let h = -1 + 1. Suppose 2*m + h = 4. Let i(y) = 2*y**3 - y**2. What is the remainder when 35 is divided by i(m)?
11
Suppose 1 + 1 = l. Suppose 4*j + 2*p = p + 76, 19 = j - l*p. Let k = j + 31. Calculate the remainder when k is divided by 13.
11
Let q = -62 + 111. What is the remainder when q is divided by 13?
10
Suppose -3*n - 12 = 0, -27 = -d - 0*n + 5*n. Let r(c) = 19*c**2 + c. What is the remainder when r(1) is divided by d?
6
Suppose -112 = -4*z + 3*k, 4*k - 20 = -k. Calculate the remainder when z is divided by 11.
9
Let c(l) = l**3 + l**2 - l + 5. Suppose 5*s + 4*v = 80, 3*s + 4*v = 20 + 20. What is the remainder when c(3) is divided by s?
18
Let g(w) = w**2 - 9*w + 1. Suppose -24 = 2*p - 6*p. Let o(v) = v - 5. Calculate the remainder when o(p) is divided by g(9).
0
What is the remainder when 58 is divided by 29 + (4/(-4) - 1 - -3)?
28
Let w = 8 + -23. Let f = w + 29. What is the remainder when 40 is divided by f?
12
Suppose -2*f + 25 = 3*f. Suppose 2*b = b + 2. Let h = b + f. Calculate the remainder when 13 is divided by h.
6
Suppose -3*u - 8 = 5*s, 0 = -u - s - s - 4. Suppose n - 25 = -u*n. Let b(z) = z**3 + z**2. Calculate the remainder when n is divided by b(1).
1
Suppose u - 4*t - 15 = 0, 0 = -5*u + 4*t - 0*t + 75. Let f be ((-12)/15)/((-3)/u). Suppose 0 = f*a - a - 15. What is the remainder when a is divided by 3?
2
Suppose 13*j - 12*j = 29. What is the remainder when j is divided by 15?
14
Suppose 2*s = -4*o + 178 + 40, -o - 4*s + 37 = 0. Calculate the remainder when o is divided by 22.
13
Suppose 10*u - 12 = 78. What is the remainder when 187 is divided by u?
7
Suppose -4*x = 13 - 105. Calculate the remainder when x is divided by 134/10 + (-10)/25.
10
Suppose 54 = -q - 96. Calculate the remainder when 12 is divided by q/(-22) + (-2)/(-11).
5
Let y = 44 + -7. Suppose -3*d = t + 8 - y, -4*d = t - 39. What is the remainder when d is divided by 4?
2
Let k be -2*(1 + 0/4). What is the remainder when ((-10)/(-5))/((-1)/k) is divided by -2 + 5 + (0 - 1)?
0
Let f = 8 + -10. Let s(b) = -9*b - 1. What is the remainder when 31 is divided by s(f)?
14
Suppose 0 = 4*u + 15 - 51. Let s be (-60)/(-16) - 2/(-8). Let q = 2 + s. What is the remainder when u is divided by q?
3
Let p(q) = -q**2 + 7*q + 14. Calculate the remainder when 35 is divided by p(8).
5
Let i(o) = o**3 - 6*o**2 + 6*o. Let c be i(5). Let n(q) = -q**3 + 7*q**2 - 8*q + 5. What is the remainder when 44 is divided by n(c)?
14
Suppose 0*c - 20 = 2*c. Let w = -5 - c. Suppose w*h + 2 - 52 = 0. What is the remainder when h is divided by 4?
2
Let k(m) = 1 + 4 + m**2 + 4*m**2 - 10*m - 3*m**2. Calculate the remainder when k(7) is divided by 12.
9
Let r(y) = y + 2. Let o be r(-6). Let w(k) = k**3 + 5*k**2 + 5*k + 6. Calculate the remainder when ((-4)/2)/((-1)/3) is divided by w(o).
0
Suppose 0 = 5*t + 3*r - 61, -4*t + 62 = -2*r - 0. Calculate the remainder when 40 is divided by t.
12
Calculate the remainder when 69 is divided by (-3)/(-5)*(34 + -4).
15
Let d = -19 - -31. Let u = 14 - 9. What is the remainder when d is divided by u?
2
Let k be (9 - 1)/(1/4). Suppose -r = -5*r + k. Calculate the remainder when 13 is divided by r.
5
Suppose 5*l = 45 + 350. What is the remainder when l is divided by 16?
15
Let d(b) = 6*b**2 - 3*b + 2. Suppose 11*u = 18*u - 175. What is the remainder when d(3) is divided by u?
22
Let z(m) = -m**3 + 5*m**2 - m. Let o(t) = -t**3 - t**2 - t - 1. Let y(u) = -2*o(u) + z(u). What is the remainder when y(-6) is divided by 11?
10
What is the remainder when 11 is divided by 5 + -2 - (-6 - 0)?
2
Let z be (1/5)/((-3)/(-15)). What is the remainder when z + (34 - (-3 - -1)) is divided by 13?
11
Let d(f) = f**2 + f + 9. Let x = 27 - 24. What is the remainder when d(0) is divided by x?
0
Let n(u) = -2*u**2 - 7*u + 6. Let p be n(-6). Let y = 52 + p. Let v(z) = -z**2 - 6*z + 5. Calculate the remainder when y is divided by v(-5).
8
Let h(j) = j**3 + 10*j**2 + 4*j - 2. Suppose -5*l = -w + 15, 3*w + 0*w - 5*l - 45 = 0. Calculate the remainder when h(-9) is divided by w.
13
Suppose 0 = -m - 3*g - 50, -7*g + 25 = -2*g. Let t = 17 - m. What is the remainder when t is divided by 21?
19
Suppose -50 = -2*t + 30. What is the remainder when t is divided by 14?
12
Let j(v) = 6*v**2 - 3*v - 1. Calculate the remainder when j(3) is divided by -1*3/6*-46.
21
Suppose 2*i - 1 + 8 = -z, -5*z = 4*i - 1. Let w = i + 12. Calculate the remainder when 15 is divided by w.
3
Let b = -43 + 72. Calculate the remainder when 82 is divided by b.
24
Suppose 2*c = -c - 12, 2*c + 16 = 4*s. Let u be (13 - s)*(-3)/(-3). Let o = u + -8. What is the remainder when 7 is divided by o?
1
Suppose 48 = 5*k - k. Let h = 7 - 4. What is the remainder when h/9 + 204/9 is divided by k?
11
Suppose 1 - 13 = -4*g. Suppose 3*q - 107 = -5*c, -q - g*c = -4*c - 41. Calculate the remainder when q is divided by 10.
9
Let h(w) = w**3 + w**2 + 4*w + 4. Let c be h(4). Suppose 0 = -z + c. Suppose -5*f + f = -z. What is the remainder when f is divided by 13?
12
Let k = 64 + -37. What is the remainder when 133 is divided by k?
25
Suppose 0 = -5*c + 62 + 38. Suppose -2*t + 4 - 15 = q, 0 = 4*t - 4*q - 8. Calculate the remainder when 3/t - (-38 - 1) is divided by c.
18
Suppose 28*i - 26*i - 54 = 0. What is the remainder when i is divided by 8?
3
Let t(c) = -c**2 - 4*c. Let n be t(-3). Suppose -n*i = -q + 2 + 3, -2*i + 20 = 4*q. What is the remainder when (19/(-3))/((-2)/6) is divided by q?
4
Suppose 2*a + k - 53 = -4*k, 0 = -4*a + 3*k + 119. Calculate the remainder when a is divided by 6.
5
Let y(k) = -5*k + 7. Calculate the remainder when 48 is divided by y(-2).
14
Suppose -3*h = -67 + 13. What is the remainder when -3*3*(-172)/h is divided by 22?
20
Let v(k) = k**3 - 3*k**2 - 5*k - 2. Let w be v(4). Calculate the remainder when (-134)/(w/(-3 - -6)) is divided by 17.
16
Let g = 3 + 10. Let t(q) = -q**2 + q + 25. Calculate the remainder when t(0) is divided by g.
12
Suppose 0 = -6*c + 4*c + 38. What is the remainder when c is divided by 10?
9
Calculate the remainder when 9 is divided by (-8)/(-3) + (-1)/(-3).
0
Let f(r) = -10*r + 3. Calculate the remainder when 67 is divided by f(-2).
21
Suppose x + 3*x - 13 = 5*z, 4*x - 3 = -5*z. Let p = z + 12. Calculate the remainder when 21 is divided by p.
10
Let c = 196 + -128. Calculate the remainder when c is divided by 14.
12
Suppose 0 = 3*v + 5*v - 104. What is the remainder when 127 is divided by v?
10
Let c be (-3)/((-3)/(-2)) - -40. Suppose 0 = 4*w + c - 98. Calculate the remainder when 57 is divided by w.
12
Let r = 47 + -16. Let z = 54 - r. Suppose 0 = -5*p + 36 - 6. Calculate the remainder when z is divided by p.
5
Suppose 3*q - q = -18. Let g = 11 + q. Suppose 3*r - 8 - 7 = 0. Calculate the remainder when r is divided by g.
1
Let x(a) = -a - 2. Calculate the remainder when 117 is divided by x(-10).
5
Suppose -f - 33 = 2*f - 4*z, -55 = 5*f + 5*z. Let a = -15 - f. Let i = 12 - a. What is the remainder when i is divided by 6?
4
Suppose 0 = 3*l - 0*l. Suppose -10*g + 13*g - 48 = l. Let t = 4 - -26. What is the remainder when t is divided by g?
14
Calculate the remainder when 7 is divided by (3 + -7)/(-3 + 1).
1
Let p(u) = u**2 + 5*u. Let v be p(-4). Let o(h) = -h**3 - 5*h**2 - 7*h - 5. Calculate the remainder when 26 is divided by o(v).
5
What is the remainder when 13 is divided by 7 - 6 - -4*1?
3
Let v(l) = -l**2 + 5*l - 4. Let s be v(4). Suppose 2*y - 5 - 35 = s. What is the remainder when y is divided by 2/(-14) - (-624)/56?
9
Let a be 12/14*25*7. Suppose 8*m - 10*m + a = 0. Calculate the remainder when m is divided by 19.
18
Suppose 0 = 7*l - 230 + 90. Calculate the remainder when 38 is divided by l.
18
Suppose -m = -h - 10, m + 4*h = -h + 34. Suppose 2*k = -k + 78. Calculate the remainder when k is divided by m.
12
Let w = 64 + -45. What is the remainder when w is divided by 10?
9
Let g(x) = x**3 - 4*x**2 + 4*x - 5. What is the remainder when g(4) is divided by 5?
1
Let o(n) = 4*n**2 - 5*n + 2. Let z be 2/1*(-6)/(-4). What is the remainder when o(z) is divided by 12?
11
Suppose 198 = 2*p + 4*p. Calculate the remainder when 130 is divided by p.
31
Suppose -3*c = 